{"id":549,"date":"2025-03-29T23:26:44","date_gmt":"2025-03-29T20:26:44","guid":{"rendered":"http:\/\/www.tekno-tar.com\/?page_id=549"},"modified":"2025-07-16T23:20:57","modified_gmt":"2025-07-16T20:20:57","slug":"urunler-2","status":"publish","type":"page","link":"http:\/\/www.tekno-tar.com\/index.php\/urunler-2\/","title":{"rendered":"\u00dcr\u00fcnler"},"content":{"rendered":"\n<p class=\"has-text-align-center\">SEKT\u00d6RDE EN GEN\u0130\u015e \u00dcR\u00dcN YELPAZES\u0130<\/p>\n\n\n\n<p class=\"has-text-align-left has-white-color has-vivid-cyan-blue-background-color has-text-color has-background has-link-color has-small-font-size wp-elements-0a6d9073ead913c69b646ce9ee8d6590\"><a href=\"http:\/\/www.tekno-tar.com\/index.php\/tarim-makinalari-ve-teknolojileri\/\" data-type=\"page\" data-id=\"135\">Damla Sulama Sistemleri<\/a><\/p>\n\n\n\n<p class=\"has-text-align-left has-white-color has-vivid-cyan-blue-background-color has-text-color has-background has-link-color has-small-font-size wp-elements-a5367bb31828175b710eff3092b34160\"><a href=\"http:\/\/www.tekno-tar.com\/index.php\/filtre-sistemleri\/\">Filtre Sistemleri<\/a><\/p>\n\n\n\n<p class=\"has-white-color has-vivid-cyan-blue-background-color has-text-color has-background has-link-color has-small-font-size wp-elements-5eef2cebe7e628ffcecc6a5a53a78e25\"><a href=\"http:\/\/www.tekno-tar.com\/index.php\/yagmurlama-sulama-sistemleri\/\" data-type=\"page\" data-id=\"125\">Ya\u011fmurlama Sistemleri<\/a><\/p>\n\n\n\n<p class=\"has-white-color has-vivid-cyan-blue-background-color has-text-color has-background has-link-color has-small-font-size wp-elements-ebeda1aa291311863f1d4b490a7c3a68\"><a href=\"http:\/\/www.tekno-tar.com\/index.php\/pivot-sulama-sistemleri\/\" data-type=\"page\" data-id=\"129\">Pivot-Lineer Sulama Sistemleri<\/a><\/p>\n\n\n\n<p class=\"has-white-color has-vivid-cyan-blue-background-color has-text-color has-background has-link-color has-small-font-size wp-elements-42cc26d6455e59092403844814eaa9de\"><a href=\"http:\/\/www.tekno-tar.com\/index.php\/peyzaj-sulama-sistemleri\/\" data-type=\"page\" data-id=\"132\">Peyzaj Sulama Sistemleri<\/a><\/p>\n\n\n\n<p class=\"has-white-color has-vivid-cyan-blue-background-color has-text-color has-background has-link-color has-small-font-size wp-elements-84d01ae030046ebd88367605fd8cd375\"><a href=\"http:\/\/www.tekno-tar.com\/index.php\/bitki-besleme\/\" data-type=\"page\" data-id=\"138\">Bitki Besleme\/G\u00fcbre<\/a><\/p>\n\n\n\n<p class=\"has-white-color has-vivid-cyan-blue-background-color has-text-color has-background has-link-color has-small-font-size wp-elements-f824ed68cdef5e4582fa496d33214146\"><a href=\"http:\/\/www.tekno-tar.com\/index.php\/tohum\/\" data-type=\"page\" data-id=\"141\">Tohum<\/a><\/p>\n","protected":false},"excerpt":{"rendered":"<p>SEKT\u00d6RDE EN GEN\u0130\u015e \u00dcR\u00dcN YELPAZES\u0130 Damla Sulama Sistemleri Filtre Sistemleri Ya\u011fmurlama Sistemleri Pivot-Lineer Sulama Sistemleri Peyzaj Sulama Sistemleri Bitki Besleme\/G\u00fcbre Tohum<\/p>\n","protected":false},"author":1,"featured_media":0,"parent":0,"menu_order":0,"comment_status":"closed","ping_status":"closed","template":"","meta":{"footnotes":""},"class_list":["post-549","page","type-page","status-publish","hentry"],"yoast_head":"<!-- This site is optimized with the Yoast SEO plugin v24.8.1 - https:\/\/yoast.com\/wordpress\/plugins\/seo\/ -->\n<title>\u00dcr\u00fcnler - TEKNOTAR<\/title>\n<meta name=\"robots\" content=\"index, follow, max-snippet:-1, max-image-preview:large, max-video-preview:-1\" \/>\n<link rel=\"canonical\" href=\"http:\/\/www.tekno-tar.com\/index.php\/urunler-2\/\" \/>\n<meta property=\"og:locale\" content=\"tr_TR\" \/>\n<meta property=\"og:type\" content=\"article\" \/>\n<meta property=\"og:title\" content=\"\u00dcr\u00fcnler - TEKNOTAR\" \/>\n<meta property=\"og:description\" content=\"SEKT\u00d6RDE EN GEN\u0130\u015e \u00dcR\u00dcN YELPAZES\u0130 Damla Sulama Sistemleri Filtre Sistemleri Ya\u011fmurlama Sistemleri Pivot-Lineer Sulama Sistemleri Peyzaj Sulama Sistemleri Bitki Besleme\/G\u00fcbre Tohum\" \/>\n<meta property=\"og:url\" content=\"http:\/\/www.tekno-tar.com\/index.php\/urunler-2\/\" \/>\n<meta property=\"og:site_name\" content=\"TEKNOTAR\" \/>\n<meta property=\"article:modified_time\" content=\"2025-07-16T20:20:57+00:00\" \/>\n<meta name=\"twitter:card\" content=\"summary_large_image\" \/>\n<meta name=\"twitter:label1\" content=\"Tahmini okuma s\u00fcresi\" \/>\n\t<meta name=\"twitter:data1\" content=\"1 dakika\" \/>\n<script type=\"application\/ld+json\" class=\"yoast-schema-graph\">{\"@context\":\"https:\/\/schema.org\",\"@graph\":[{\"@type\":\"WebPage\",\"@id\":\"http:\/\/www.tekno-tar.com\/index.php\/urunler-2\/\",\"url\":\"http:\/\/www.tekno-tar.com\/index.php\/urunler-2\/\",\"name\":\"\u00dcr\u00fcnler - TEKNOTAR\",\"isPartOf\":{\"@id\":\"http:\/\/www.tekno-tar.com\/#website\"},\"datePublished\":\"2025-03-29T20:26:44+00:00\",\"dateModified\":\"2025-07-16T20:20:57+00:00\",\"breadcrumb\":{\"@id\":\"http:\/\/www.tekno-tar.com\/index.php\/urunler-2\/#breadcrumb\"},\"inLanguage\":\"tr\",\"potentialAction\":[{\"@type\":\"ReadAction\",\"target\":[\"http:\/\/www.tekno-tar.com\/index.php\/urunler-2\/\"]}]},{\"@type\":\"BreadcrumbList\",\"@id\":\"http:\/\/www.tekno-tar.com\/index.php\/urunler-2\/#breadcrumb\",\"itemListElement\":[{\"@type\":\"ListItem\",\"position\":1,\"name\":\"Ana sayfa\",\"item\":\"http:\/\/www.tekno-tar.com\/\"},{\"@type\":\"ListItem\",\"position\":2,\"name\":\"\u00dcr\u00fcnler\"}]},{\"@type\":\"WebSite\",\"@id\":\"http:\/\/www.tekno-tar.com\/#website\",\"url\":\"http:\/\/www.tekno-tar.com\/\",\"name\":\"TEKNOTAR\",\"description\":\"&quot;Tar\u0131mda \u0130leri Teknoloji&quot;\",\"potentialAction\":[{\"@type\":\"SearchAction\",\"target\":{\"@type\":\"EntryPoint\",\"urlTemplate\":\"http:\/\/www.tekno-tar.com\/?s={search_term_string}\"},\"query-input\":{\"@type\":\"PropertyValueSpecification\",\"valueRequired\":true,\"valueName\":\"search_term_string\"}}],\"inLanguage\":\"tr\"}]}<\/script>\n<!-- \/ Yoast SEO plugin. -->","yoast_head_json":{"title":"\u00dcr\u00fcnler - TEKNOTAR","robots":{"index":"index","follow":"follow","max-snippet":"max-snippet:-1","max-image-preview":"max-image-preview:large","max-video-preview":"max-video-preview:-1"},"canonical":"http:\/\/www.tekno-tar.com\/index.php\/urunler-2\/","og_locale":"tr_TR","og_type":"article","og_title":"\u00dcr\u00fcnler - TEKNOTAR","og_description":"SEKT\u00d6RDE EN GEN\u0130\u015e \u00dcR\u00dcN YELPAZES\u0130 Damla Sulama Sistemleri Filtre Sistemleri Ya\u011fmurlama Sistemleri Pivot-Lineer Sulama Sistemleri Peyzaj Sulama Sistemleri Bitki Besleme\/G\u00fcbre Tohum","og_url":"http:\/\/www.tekno-tar.com\/index.php\/urunler-2\/","og_site_name":"TEKNOTAR","article_modified_time":"2025-07-16T20:20:57+00:00","twitter_card":"summary_large_image","twitter_misc":{"Tahmini okuma s\u00fcresi":"1 dakika"},"schema":{"@context":"https:\/\/schema.org","@graph":[{"@type":"WebPage","@id":"http:\/\/www.tekno-tar.com\/index.php\/urunler-2\/","url":"http:\/\/www.tekno-tar.com\/index.php\/urunler-2\/","name":"\u00dcr\u00fcnler - TEKNOTAR","isPartOf":{"@id":"http:\/\/www.tekno-tar.com\/#website"},"datePublished":"2025-03-29T20:26:44+00:00","dateModified":"2025-07-16T20:20:57+00:00","breadcrumb":{"@id":"http:\/\/www.tekno-tar.com\/index.php\/urunler-2\/#breadcrumb"},"inLanguage":"tr","potentialAction":[{"@type":"ReadAction","target":["http:\/\/www.tekno-tar.com\/index.php\/urunler-2\/"]}]},{"@type":"BreadcrumbList","@id":"http:\/\/www.tekno-tar.com\/index.php\/urunler-2\/#breadcrumb","itemListElement":[{"@type":"ListItem","position":1,"name":"Ana sayfa","item":"http:\/\/www.tekno-tar.com\/"},{"@type":"ListItem","position":2,"name":"\u00dcr\u00fcnler"}]},{"@type":"WebSite","@id":"http:\/\/www.tekno-tar.com\/#website","url":"http:\/\/www.tekno-tar.com\/","name":"TEKNOTAR","description":"&quot;Tar\u0131mda \u0130leri Teknoloji&quot;","potentialAction":[{"@type":"SearchAction","target":{"@type":"EntryPoint","urlTemplate":"http:\/\/www.tekno-tar.com\/?s={search_term_string}"},"query-input":{"@type":"PropertyValueSpecification","valueRequired":true,"valueName":"search_term_string"}}],"inLanguage":"tr"}]}},"_links":{"self":[{"href":"http:\/\/www.tekno-tar.com\/index.php\/wp-json\/wp\/v2\/pages\/549","targetHints":{"allow":["GET"]}}],"collection":[{"href":"http:\/\/www.tekno-tar.com\/index.php\/wp-json\/wp\/v2\/pages"}],"about":[{"href":"http:\/\/www.tekno-tar.com\/index.php\/wp-json\/wp\/v2\/types\/page"}],"author":[{"embeddable":true,"href":"http:\/\/www.tekno-tar.com\/index.php\/wp-json\/wp\/v2\/users\/1"}],"replies":[{"embeddable":true,"href":"http:\/\/www.tekno-tar.com\/index.php\/wp-json\/wp\/v2\/comments?post=549"}],"version-history":[{"count":18,"href":"http:\/\/www.tekno-tar.com\/index.php\/wp-json\/wp\/v2\/pages\/549\/revisions"}],"predecessor-version":[{"id":1149,"href":"http:\/\/www.tekno-tar.com\/index.php\/wp-json\/wp\/v2\/pages\/549\/revisions\/1149"}],"wp:attachment":[{"href":"http:\/\/www.tekno-tar.com\/index.php\/wp-json\/wp\/v2\/media?parent=549"}],"curies":[{"name":"wp","href":"https:\/\/api.w.org\/{rel}","templated":true}]}}